1 and o?
19
Let q(d) = -13*d**2 - 5 - 24*d + 10 - 6 + d**3 + 23. Suppose 9*s - 135 = 9. Let h be q(s). Calculate the highest common divisor of 58 and h.
58
Suppose 5*c + 2 = -3, 2*c - 28 = -2*o. Let s be (2781/72 - 33)/((-1)/(-24)). Calculate the greatest common divisor of o and s.
15
Let n be ((-4)/3)/(14/441 + (-7)/49). Calculate the highest common factor of 368 and n.
4
Suppose -2*n + 18 = 4*b, -3*b - 14*n = -16*n - 24. Suppose 5*z - b = -2*v + 2*z, z + 22 = 2*v. Calculate the highest common divisor of v and 63.
9
Suppose n + 38 = 357. Suppose -154 = 11*v - n. What is the highest common factor of 30 and v?
15
Let v(c) be the second derivative of -c**5/10 - 4*c**4/3 - 5*c**3/6 - 14*c**2 + 153*c. Let s be v(-8). Calculate the highest common divisor of 516 and s.
12
Let l = -19012 + 20272. What is the highest common factor of 7812 and l?
252
Let j be (-4)/4 - (4/(-6) - (-1310)/(-15)). Calculate the highest common factor of j and 1769.
29
Let b = -17101 + 17157. Calculate the greatest common factor of b and 216.
8
Suppose 2*k - 4*x - 874 + 26 = 0, -3*k + 1281 = 3*x. Let f = k - 226. What is the greatest common divisor of 8 and f?
8
Let h = 25 + -81. Let c = -65 - h. Let m = 1 - c. Calculate the highest common divisor of 40 and m.
10
Let n = -97 - -102. Suppose -n*k - 3*p - 1 = -10, 10 = -5*p. Suppose -k = g, -b + 45 + 114 = 2*g. What is the greatest common factor of b and 11?
11
Suppose -2*d = -6*d + 372. Suppose -7897 = 5*v - 46*v + 2271. Calculate the greatest common divisor of d and v.
31
Let k(t) = 76*t**2 - 3*t - 12. Suppose -3*v - q + 13 = 0, 7 = v - 3*q + 16. Let w be k(v). Calculate the highest common divisor of w and 13.
13
Let v = -909 + 939. Calculate the greatest common divisor of 1030 and v.
10
Let r(o) = -2*o**3 - 3*o**2 + 3*o + 17. Let s(d) = 14*d + 11. Let u be s(-1). Let x be r(u). What is the greatest common divisor of x and 14?
7
Suppose -3*o - 2*o - 2*g = -186, 0 = 4*o + 5*g - 142. Let l = o + 399. Calculate the greatest common divisor of l and 19.
19
Let m be (0/(0 - -2))/((-24)/8). Suppose m = 3*j - 446 - 22. Let o be (-3 - -14) + -1 + 2. What is the highest common factor of o and j?
12
Let m be (8 + -2)*(-4 - (-106)/12). Let i = -24 + m. What is the highest common factor of 145 and i?
5
Let l(u) = 110*u**2 + 15*u. Let m be l(-1). What is the highest common divisor of m and 4085?
95
Suppose -45 + 15 = -15*x. Suppose 520 = x*l + 4*j, -2*l - 14*j + 532 = -13*j. Calculate the highest common factor of 4 and l.
4
Suppose -35 = -5*x + 40. Let d be ((-27)/9)/(1*4/(-860)). What is the greatest common divisor of d and x?
15
Let m be 160/7 - (2 + 105/(-49)). Suppose -1011 = -m*q + 461. Calculate the highest common divisor of 48 and q.
16
Suppose 0 = 5*o - 3*a - 16281, 2*a = 1 - 5. Calculate the highest common divisor of 30 and o.
15
Let k = -1199 - -1203. Let b be 0 - (1 - -3)*1. Let d be (-7)/((-7)/k) - b. What is the highest common factor of d and 24?
8
Let f = 8 - -1. Let w be (-130)/(-18) + -3 - (-4)/(-18). Suppose 4*y - 60 = -y - 3*v, -y + w*v = 11. What is the greatest common divisor of y and f?
9
Let w(v) = -v - 1. Let c be w(-5). Suppose -2*i = 3*f - 45, 0*i - f = c*i - 95. Let t = 1375841 - 1375833. Calculate the highest common factor of t and i.
8
Let o be (40 - -2) + (224 - 235). What is the greatest common factor of 8153 and o?
31
Let w = -23734 - -40864. What is the highest common divisor of w and 30?
30
Let p(o) be the third derivative of -o**6/60 - 13*o**5/30 + 3*o**3 + 4*o**2. Let v be p(-13). What is the highest common factor of 24 and v?
6
Let x(j) = -j**3 - 11*j**2 + 10*j - 10. Let m be x(-12). Let f be 108/(-189) - (-15002)/m. What is the highest common divisor of 63 and f?
63
Suppose 16620 = 24*c - 18060. Calculate the highest common factor of 255 and c.
85
Let n(c) = 21*c**3 + 7*c**2 - 11*c + 3. Let a be n(1). Calculate the highest common factor of 115 and a.
5
Let l(t) = 103*t - 852. Let c be l(19). What is the highest common factor of 260 and c?
65
Let m(b) = -226*b + 6363. Let r be m(28). Let n(h) = -57*h + 4. Let p be n(-3). What is the greatest common divisor of r and p?
35
Let s = 38 - 38. Suppose s = -8*m + 2*m + 6. Let p(t) = -t - 4. Let u be p(-5). What is the highest common factor of m and u?
1
Let j = 40 - 20. Let o(y) = -12*y + 24. Let m be o(2). Suppose m = -434*b + 433*b + 40. Calculate the highest common factor of j and b.
20
Let g(u) = 9*u - 19 - 9*u + 21*u. Let a be g(19). Suppose -5*o - 261 - a = -4*b, 20 = -4*o. What is the highest common factor of 14 and b?
14
Suppose 1159 = 7*g - 2747. Let s = g - 489. Calculate the highest common factor of s and 621.
69
Let t be 123366/986 + (-4)/34. Let r(o) = -o**3 - 2*o**2 + 8*o + 4. Let z be r(-6). Calculate the greatest common divisor of z and t.
25
Suppose -5*d + 4204 + 596 = 45*d. What is the highest common factor of d and 2316?
12
Let n be (28227/(-388))/(6/(-136)). Calculate the highest common divisor of n and 136.
17
Suppose 188*m - 51326 + 23153 = 105495. What is the greatest common factor of 316 and m?
79
Suppose -3*y = -140 + 8. Let s = -60 - -368. Calculate the greatest common divisor of y and s.
44
Suppose 6*q + 4*y + 136 = 6*q + 4*q, -2*y = 0. What is the highest common factor of 7327 and q?
17
Let s = 1292 - 587. What is the greatest common factor of 45 and s?
15
Let r be (-320707)/(-17) + (-6)/18*(-30)/(-85). Calculate the greatest common factor of r and 22.
11
Let g = 3394 + -3378. What is the highest common divisor of 200 and g?
8
Suppose -2698 = -5*f + 217*y - 221*y, 548 = f + 2*y. What is the highest common factor of 6 and f?
6
Let r be ((-35)/28 + 1)*-16. Suppose -11 + 15 = 4*p, -r*c + 5*p = -71. Calculate the greatest common divisor of 95 and c.
19
Suppose 128 = -8*w + 12*w. Let k = 43 + w. Suppose d + 5*m = -4*d + k, -51 = -3*d + 3*m. Calculate the greatest common divisor of d and 176.
16
Suppose 4*k + 8 = -5*c + 1715, 2*c = 3*k - 1286. Suppose 40*j = 36*j + k. Suppose 223 + j = 3*n. Calculate the highest common divisor of 10 and n.
10
Let s be (473/(-5))/(-11) - 3/5. Let p(c) = 3*c**2 - c. Let o be p(-1). What is the greatest common divisor of s and o?
4
Suppose 3*c = p + 25, -4*c - 3*p + 16 = -0. What is the greatest common factor of c and 259?
7
Suppose -5*r = -5*s + 2*s - 7, 0 = 3*s - 3. Let v be 2 - 1/r*(3 - 5). Let p be (-7 + 2)*(-9)/15. Calculate the greatest common divisor of v and p.
3
Suppose -7 = -5*r + 3, w + 54 = 2*r. Let z = -28 - w. Let p = -196 - -306. What is the greatest common factor of z and p?
22
Let f(p) = p**2 + 8*p + 3. Let x be f(-7). Let a = 13 + x. Suppose -7*m = -9*m + 4*q + 26, 3*m + 26 = -7*q. What is the highest common divisor of m and a?
3
Suppose -4*z - y + 23 = 0, 16*z + 4*y + 3 = 19*z. Suppose z*u - 25 = 25. What is the highest common divisor of u and 5?
5
Let y = -11767 - -12030. What is the highest common divisor of y and 3?
1
Let l be (-10)/(-4) + (-105)/70. What is the highest common factor of 61 and l?
1
Let u = -21583 + 21588. Let l = -241 - -351. What is the highest common divisor of u and l?
5
Suppose -2*j = -6*j + 40. Suppose t - 58 = 3*r, -5*r - 98 = 3*t - 20. Let l = 68 + r. What is the greatest common divisor of l and j?
10
Suppose -5*j + 10303 = 2*z, z + 15517 = 4*z - 5*j. Suppose -z = -4*d - 5*c, -4*d - 2*c + c = -5180. Calculate the highest common divisor of 81 and d.
81
Suppose 153*k - 18*k - 38610 = 0. Calculate the greatest common factor of 594 and k.
22
Suppose 51931 = -45*z + 207856. What is the highest common factor of 210 and z?
105
Let j = 78 + -45. Suppose 13 = 21*l - 20*l. Suppose 18 + 125 = l*a. Calculate the greatest common divisor of a and j.
11
Suppose -x + 13 - 27 = 0. Let p = x - -16. Suppose p*s - 2*w = 27 + 13, 0 = -3*s - 5*w + 20. Calculate the greatest common divisor of s and 45.
15
Suppose -585*r + 588*r - 15 = 0. Suppose -r*d - 39 = -159. What is the highest common divisor of d and 804?
12
Suppose 61 - 16 = 15*g. Suppose -u = 2*z - 35, 10*u + g*z - 175 = 5*u. Calculate the greatest common divisor of 105 and u.
35
Let k be (-4)/6*((-47196)/(-184))/(6/(-2)). Calculate the highest common divisor of k and 2.
1
Let q be 29 - (-21)/(-9)*-3. What is the highest common factor of q and 174?
6
Suppose -16 = -5*i + 54. Let d be 1*41 + (2 - (-1 - 0)). Suppose 0 = 2*t 